 17*s**3/6 - 9*s**2. Let c be u(10). What is the highest common divisor of 7 and c?
7
Let x = 209 - 203. Let l be (-370)/(-34) - x*(-5)/255. What is the greatest common factor of 88 and l?
11
Suppose -79*a = -7039 - 4337. Let y(s) = s**3 + 7*s**2 - 3*s - 6. Let h be y(-4). Calculate the highest common factor of h and a.
18
Let h(f) = f + 21. Let b be h(-10). Let p be 98 - b - (-6 - (-4)/2). What is the highest common divisor of 65 and p?
13
Let t be 30*((-142)/(-5) + -11). Calculate the greatest common divisor of t and 36.
18
Let o(h) = 27*h**2 + 114*h + 6. Let s be o(8). What is the greatest common factor of 196 and s?
98
Let o(r) = -454*r + 186. Let w be o(-1). What is the greatest common factor of 2944 and w?
128
Let s = -155 + 247. Suppose s = 2*d + 3*t, 2*t = -0*d - 3*d + 128. Let y be 20/d - 34/8*-2. Calculate the highest common divisor of 45 and y.
9
Let u = -158 + 163. Suppose -3*f = -5*j + 152, 2*f = -u*j + 3*f + 154. Calculate the greatest common factor of j and 341.
31
Let r = -44 + 170. Let w = -2073 - -2087. What is the greatest common factor of w and r?
14
Suppose -37*g = -439 + 69. Suppose x = q + 5*x - g, 4*x + 42 = q. What is the highest common factor of 416 and q?
26
Let s = 51 - 46. Suppose -s*c = -6*c - 36. Let m be (10/c + 16/(-72))*-4. Calculate the greatest common factor of 6 and m.
2
Let q be (-15)/(-3)*1*3. Let k(t) = t**3 - 16*t**2 - 558*t - 79. Let o be k(33). What is the greatest common divisor of q and o?
5
Let v be ((-2)/2)/(9/(-153)). Suppose -118*n + 23953 = -2125. What is the greatest common divisor of n and v?
17
Suppose -28*u + 522 = -16*u + 2514. Suppose 626 = -l - l. Let j = u - l. Calculate the greatest common factor of 21 and j.
21
Let i = 260 - 255. Suppose -4*w = -0 + 20, 2245 = i*g + w. What is the greatest common factor of 50 and g?
50
Let h(j) = 304*j - 3606. Let x be h(12). Calculate the highest common divisor of 14266 and x.
14
Let z = 5943 + -5929. Calculate the highest common divisor of 119 and z.
7
Let j = -131 + 218. Let i(d) = -19*d - 26. Let n be i(-9). What is the highest common divisor of j and n?
29
Let f(m) = m**3 + 42*m**2 + 82*m + 25. Let q be f(-10). What is the greatest common divisor of q and 65?
65
Let y be (-28 - 671526/(-24)) + 2/(-8). What is the highest common divisor of y and 16?
16
Let b(t) = -19*t - 20. Let o be b(-20). Suppose -5*g - 3*x + 54 + 562 = 0, o = 3*g + 5*x. What is the greatest common divisor of g and 15?
5
Let o(p) = 11*p + 48. Let v be o(-3). Let l = 5 + -2. Suppose -93 = -l*s + 222. Calculate the highest common divisor of s and v.
15
Let r be (83 + -48)*440/7. Calculate the greatest common factor of r and 330.
110
Suppose 0 = y + 8*c - 13*c + 234, -5*c = 4*y + 886. Let l = y - -234. Let p be (-347)/(-5) - 9/(-15). Calculate the greatest common divisor of l and p.
10
Let q = 787 + -786. Let g be 99*1/27 - q/(-3). Let j be (0 - 1)/((-2)/88). What is the highest common divisor of j and g?
4
Let q be ((-30)/(1890/(-1617)))/((-2)/(-19 + 1)). Let k = 74 - 8. What is the highest common divisor of q and k?
33
Let d be 2 + 2 + -2 + 94. Let t(k) = 3*k**2 + 115*k - 115. Let r be t(1). Suppose -2*a - 4*z = 2*a - d, r*z = 0. What is the highest common divisor of a and 2?
2
Let z(d) = d**2 + 20*d - 41. Let x be z(22). Let a = 899 - x. What is the greatest common factor of a and 432?
16
Let z be 299 + 1 + (-1 - (-1)/1). Let m be (4/(-22) + z/198)*9. Calculate the highest common factor of m and 33.
3
Let y(u) = 11*u + 93 + 5 + 0. Let c be y(-7). What is the highest common divisor of c and 35?
7
Let g(h) = -h - 1. Let m be g(-11). Suppose -37*x + 29*x + 240 = 0. What is the highest common factor of x and m?
10
Let b = 959 + -867. Suppose -5*j - 87*n + 4950 = -b*n, 3*n = j - 986. What is the highest common divisor of j and 62?
62
Let m(p) = -12*p - 2. Let y be m(-2). Suppose -249*q + 17820 + 23476 = -18962. What is the greatest common factor of y and q?
22
Let w be (-61122)/(-8784) + (-2)/(-48). What is the greatest common divisor of w and 24661?
7
Let z(l) be the first derivative of -5*l**2 - 6*l + 114. Let q be z(-1). What is the greatest common divisor of q and 44?
4
Let s = 2283 + -2154. Calculate the highest common factor of s and 123.
3
Let s = 62 + -5. Suppose -5*q - t + 192 = 0, -5*q = 15*t - 16*t - 188. What is the greatest common factor of s and q?
19
Let l(o) = 8*o**2 - 2*o - 1. Let r be l(-4). Let j be 315/(-28)*(-10)/(-20)*-8. Calculate the highest common divisor of j and r.
45
Let w be -3 + (-12 - -3)/(-3). Suppose 6 = -9*u + 6*u, -2*g - u + 52 = w. Let y = -63 + 99. Calculate the highest common divisor of g and y.
9
Suppose -3*s = 3*o - 11808, -5*s + 7890 = 8*o - 6*o. What is the highest common divisor of 30 and o?
30
Let f = 730 + -156. Let v = f - 479. Let h(t) = 3*t**2 + 4*t + 4. Let p be h(-3). What is the greatest common divisor of p and v?
19
Suppose 0 = -4*x + 2*n - 1316, -4*x = n + 280 + 1042. Let c = -306 - x. Calculate the highest common divisor of 16 and c.
8
Suppose -623 = 40*w + 897. Let z be ((-999)/36)/((-3)/w)*-2. Calculate the greatest common divisor of 37 and z.
37
Suppose 4*k - 5*z - 25 = 0, -2*k + z = -4*z - 15. Suppose 5*w = -5*c + 8 + 72, 3*c = -k*w + 48. Calculate the highest common divisor of 88 and c.
8
Let b be ((-6)/6 + 0)/(3/(-3)). Let u be 23 - (2 - -6) - (b + 1). Let c be -1 - (2 + 0 + -146). What is the greatest common divisor of u and c?
13
Let i(d) = 3*d - 4. Let b be i(3). Let u(x) = x**2 - 5*x + 5. Let t be u(b). Suppose 113*j - 349*j = -708. Calculate the highest common factor of j and t.
1
Suppose 3*a - 2802 = 3*o, -18*a + 958 = -17*a + 5*o. What is the highest common factor of a and 42?
14
Let b = -500 + 517. Let y(t) = -2*t**2 + 36*t - 33. Let a be y(b). Calculate the highest common factor of a and 9.
1
Let j(h) = -5*h**2 - 29*h - 18. Let s be j(-5). Suppose -s*q + 237 = 169. Calculate the highest common factor of q and 68.
34
Let c = -2373 - -2617. Let a(x) = 6*x**2 - 4*x + 13. Let z be a(-5). What is the highest common divisor of c and z?
61
Let l be (-31)/((-2210)/315 + 7). Suppose -21*a + l - 609 = 0. Calculate the greatest common factor of 8 and a.
8
Let s(w) = 8*w**2 - w + 5. Let b be s(5). Let p(n) = 34465*n - 344640. Let q be p(10). Calculate the greatest common divisor of b and q.
10
Suppose -5*x = -34 + 24. Suppose 3*s - 235 = x*h + 197, 3*s + 4*h - 432 = 0. What is the greatest common divisor of 90 and s?
18
Suppose -3*t = 5*w - 111, -w + 13 + 17 = -2*t. Let r(u) = -u + 10. Let j be r(10). Let h be 36/(j - 3)*-1. What is the greatest common factor of h and w?
12
Let k be 2/12 - (-1 + 29/(-6)). Suppose 14*f = k*f + 80. Let b be (528/(-36))/((-4)/30). What is the greatest common factor of b and f?
10
Suppose -19*i = 4*t - 59197, -67*i + 70*i - t - 9342 = 0. Calculate the highest common divisor of 712 and i.
89
Suppose l - 126 = -l. Let v = -18292 + 18341. Calculate the highest common divisor of v and l.
7
Let g(a) = 4*a**2 - 3*a + 1. Let n be g(-3). Let z(k) = -k**3 + k**2 + 18*k + 46. Let s be z(0). Calculate the greatest common factor of n and s.
46
Let l be (-546)/4*(-6)/4*(-288)/(-216). Calculate the greatest common divisor of 63 and l.
21
Let j(c) = 27*c**2 - 15*c - 11. Let v be j(6). Calculate the greatest common divisor of v and 1273.
67
Let i be (-1)/3*((-44)/(17 + -13) - 17938). What is the highest common divisor of i and 31?
31
Suppose 2299 = 5*i - s, -i + 2*s + 492 - 34 = 0. What is the highest common factor of 69 and i?
23
Let t(p) = -p**3 - 2*p**2 - 2*p + 10. Let o be t(-3). What is the greatest common factor of o and 8?
1
Suppose 45*s - 11*s = 2448. Suppose 9*i = 12*i - s. What is the highest common divisor of 368 and i?
8
Let r = -12933 + 13647. What is the highest common factor of r and 315?
21
Suppose 4*l - 3*l - 3*v + 15 = 0, -5*l = -2*v + 49. Let k be (2 - (-42)/l)*(-18)/4. Suppose -6*b - k = -7*b. Calculate the highest common divisor of b and 72.
12
Let p = 4378 - 4364. Calculate the highest common factor of p and 448.
14
Suppose 30*i + 26696 = -17*i. Let z = i - -575. What is the highest common divisor of z and 7?
7
Let j(x) = x**3 - 14*x**2 - 12*x - 37. Let w be j(15). Let s(i) = -5 + 3*i - 15 + 13. Let p be s(w). What is the greatest common divisor of 153 and p?
17
Suppose 0*y - 7*y + 3190